 + 20. Suppose -14 = -o + 3*o. Is j(o) prime?
True
Let v be 36/10 + (-2)/(-5). Suppose 2*c = -v*n + 694, -5*n + 2*n = 5*c - 1735. Is c a prime number?
True
Suppose 4*x - 3*x = 3*a - 23, 4*a + 5*x - 18 = 0. Suppose 249 + 10 = a*g. Is g prime?
True
Suppose -n = -2*s - 2 - 1, -3*n - s = 19. Is 25/n - -40 - (0 + -4) prime?
False
Let x = -28 + 37. Suppose x + 6 = -5*m, -2*d + 667 = -3*m. Is d a composite number?
True
Suppose 67*h - 19677 = 46*h. Is h prime?
True
Suppose -7*u + i - 2403 = -3*u, -2*i = 5*u + 2994. Let c be 261/(-7) - ((-8)/14)/2. Let v = c - u. Is v a prime number?
True
Suppose 15*s + 16436 = 19*s. Is s a prime number?
False
Let w(r) = r**3 + 17*r**2 - 26*r - 5. Let i be w(-19). Let x = 62 - i. Is x a prime number?
False
Let q(o) = 65*o**3 - 5*o**2 + 6*o + 5. Is q(8) prime?
True
Suppose 4*g - q = -3, -3*g = q + 4 - 0. Let d be -3 + 1118*1 + g. Suppose 5*t - 3*j = d, 0*t + t - 212 = -3*j. Is t prime?
False
Let p be 16/10 + 36/90. Is (6/12)/(p/124) a prime number?
True
Let u(y) = 8690*y - 57. Is u(1) a prime number?
False
Suppose 3*b - 3 = 9. Suppose p + 1256 = b*d + 3*p, -5*p + 620 = 2*d. Suppose -4*m + 193 + d = 0. Is m prime?
True
Let h be -5*(0 + (-1)/1). Suppose -x = -2*b + 400, -h*b = x - 396 - 618. Is b prime?
False
Let g be (12/(-15))/((-3)/15). Suppose -8 = -g*d - 0. Suppose 0*p - 244 = -p - 5*k, 4*k - 506 = -d*p. Is p composite?
True
Let p(j) = 112*j**2 + 12*j - 9. Let q be p(5). Let w = q + 502. Is w a prime number?
False
Let p(u) = -u**2 - 5*u + 1. Let q be p(-4). Suppose 0 = -0*d + q*d - 25, -2*d - 442 = -4*t. Is t prime?
True
Suppose 5*q = 4*m + 24431, 9*q = 7*q + 5*m + 9786. Is q composite?
True
Is 0/10 + 40610 + -3 a prime number?
False
Let s(b) = -14*b**3 - 2*b**2 + 4*b + 4. Let i be -4 + (-3)/(-4 + 1). Let m be s(i). Suppose c = -3*l - 3*c + 245, -4*l = -c - m. Is l a prime number?
False
Suppose 36 = -4*d + 660. Suppose 7*w - d = w. Let g = w + 8. Is g a composite number?
True
Suppose -i + 3*i - b - 13 = 0, 5*b + 16 = 3*i. Suppose i*l = 2699 + 5750. Suppose -p + l = p + 5*k, 0 = -3*p + 5*k + 1848. Is p a composite number?
True
Suppose -45*g + 31311 = -337284. Is g composite?
False
Suppose -30 = 34*q - 39*q. Is (-4)/q*(-105)/10 prime?
True
Suppose -29 = -w - 479. Let b = w + 699. Is b prime?
False
Let n(l) be the third derivative of -1/6*l**3 - 1/120*l**6 + 0*l - 11/24*l**4 + 7*l**2 + 3/10*l**5 + 0. Is n(16) a composite number?
True
Let v(h) = -12*h**3 + 3*h**3 - h**3 + h - 5*h - 5*h**2. Is v(-3) a composite number?
True
Suppose -2*b - 5*i + 14 = -8*i, 3*b - 4*i - 21 = 0. Let y(u) = 7*u**2 - u + 1. Let z(r) = -3*r**2 + r. Let c(a) = -2*y(a) - 5*z(a). Is c(b) a prime number?
False
Suppose 11 = 5*b + 1. Suppose 0 = b*a + 3*i - 226, -4*a - 3*i = -115 - 349. Is a a composite number?
True
Suppose -12257 = -3*c + 8*j - 4*j, -3*j = -c + 4089. Is c a composite number?
True
Suppose -17707 = -10*d + 3243. Is d a composite number?
True
Suppose 4*f = 5 + 35. Let x(o) = -40*o + 1. Let g be x(-3). Let n = g + f. Is n prime?
True
Is 2/((-4)/(-4 - -2)) + 38430 prime?
True
Let n = -120 - -4729. Is n composite?
True
Let h(k) = 2*k**2 - 6*k + 4. Let w be h(4). Let x be (w/(-16))/((-6)/16). Suppose x*g = -5*j - 2*g + 7811, -2*g = -j + 1551. Is j composite?
False
Suppose -2*w + 27 + 87 = 0. Let u = 258 - w. Is u a prime number?
False
Is (-2438)/23*(-223)/2*1 prime?
False
Let i(d) = d**2 - 3*d - 4. Let k be i(5). Suppose k*u - 3*u - 9 = 0. Suppose 2*r - 4*j - 175 = -u*r, -2*j = -3*r + 103. Is r composite?
False
Let c be 0 + 5/(5/2). Suppose 3*n - 9 = -5*v, 3*n = -c*v + 2 + 7. Suppose 4*j - 3*t = 148, -3*j - 2*j + t + 174 = v. Is j prime?
False
Let d(h) = -h**3 - 10*h**2 + 9*h - 14. Let b be d(-11). Let g(k) = 2*k**2 - 2*k - 9. Let x be g(b). Suppose 3*u - 110 = x. Is u prime?
True
Suppose 3*m - 9*q = -6*q + 50754, 4*q + 50751 = 3*m. Is m prime?
True
Let z = -214 + 5005. Is z prime?
False
Suppose 9*x = -34 - 11. Is (x - 2564/3)/((-2)/6) a prime number?
True
Let d = -3567 + 6334. Suppose -3*t = -5*k - d, 4*t - 2*k - k = 3682. Is t prime?
True
Suppose j - 454 - 1727 = 5*c, 2*j + 3*c - 4414 = 0. Is j prime?
False
Let a be (-31)/(-93)*(3 - (-1 + 1)). Is (a/1)/((24/(-1902))/(-4)) a prime number?
True
Let d = -11 + 14. Is (3835/15)/(1/d) a prime number?
False
Suppose 15*p - 14*p + 4*d - 6893 = 0, 5*p - 4*d = 34585. Is p prime?
False
Let u = -15229 + 25472. Is u a composite number?
False
Suppose 3*k = 25690 - 4591. Is k prime?
False
Is 2798*(-145)/(-87)*(-3)/(-2) a composite number?
True
Let r(p) = p**3 + 6*p**2 - 2*p + 3. Let t be r(-3). Suppose -t = x - 2*x. Let a = 95 - x. Is a prime?
True
Suppose -4*w + 5*a = a - 632, 3*a = 4*w - 629. Suppose 7*x = 2*x + w. Is x a prime number?
True
Let m be (6/(-7))/((-3)/14). Let z be -1*(-21 - 0/m). Is (14/z)/((-2)/(-339)) prime?
True
Let n(o) = -7*o**3 - 30*o**2 + 37*o - 23. Let b be 6*((-18)/4 - -4). Let q(d) = 4*d**3 + 15*d**2 - 19*d + 11. Let x(s) = b*n(s) - 5*q(s). Is x(-16) prime?
False
Let h(w) = 95*w**2 - 4*w - 16. Is h(-3) a composite number?
True
Let a = 97 - -29. Suppose -16 - a = -2*o. Is o a prime number?
True
Suppose 2*o - 61 - 351 = 0. Suppose -3*f + 397 = -o. Is f a prime number?
False
Let b(h) = 2*h + 3 - 12*h - 4*h**2 - 4*h**2 + h**3 + 13*h**2. Is b(7) prime?
True
Suppose -1 - 1 = -x, v + 5*x = 1303. Is v composite?
True
Let h be ((-16)/12)/((16/(-36))/1). Is (-1438)/h*27/(-18) a composite number?
False
Suppose -3*k + 33277 = -5*q, 4*k - q - 44392 = -0*k. Is k a composite number?
True
Is (1 - (-19126)/6)/(22/66) a prime number?
False
Suppose -14*z + 12*z = 10, 3*z + 102913 = 2*f. Is f a composite number?
False
Suppose -2 = 4*r - 6, -634 = -2*o + 4*r. Is o a prime number?
False
Let g be (-1 - 2)*(3 + -4). Let w(h) = 4 - 3 - 32*h - 3 + g. Is w(-3) a prime number?
True
Is (28947/15*(-60)/(-6))/2 prime?
True
Let y = 3772 + 849. Is y prime?
True
Let g(s) = 1 + 64*s - 48*s - 2 + 2. Is g(4) a prime number?
False
Let n(x) be the third derivative of x**5/30 + 5*x**4/12 + 5*x**3/2 + 3*x**2. Is n(14) a prime number?
True
Suppose 6*s - 10 = -196. Let m = 1074 + s. Is m a prime number?
False
Let z(o) = 6*o + 29. Let s be z(-14). Let k = 146 + s. Is k a composite number?
True
Suppose -12*a + 1517 = -2467. Let p = a + 61. Is p composite?
True
Suppose 0 = 5*t - 2*d + d - 134904, 4 = 4*d. Is t prime?
True
Let w(v) be the first derivative of v**4/4 - 4*v**3/3 - 5*v**2/2 + 4*v + 2. Let y be w(5). Suppose 854 = 5*f - y*l + 97, 2*f = -l + 295. Is f composite?
False
Suppose 19 - 11 = 4*p. Is (-5)/30*-1137*p a composite number?
False
Let v(q) = 6*q**2 - 25*q - 113. Is v(-8) a prime number?
False
Let n = -78 - -133. Let f = n - 0. Is f a prime number?
False
Let m be 2*-1 - (0 + -256). Suppose 0 = -h - 680 + m. Let a = 617 + h. Is a a composite number?
False
Let l(c) = 5*c**2 + 22*c + 441. Is l(68) prime?
True
Let a(t) = -t**3 + 12*t**2 - 13*t + 12. Let j be a(11). Let k(x) be the third derivative of -x**4/12 + 7*x**3/3 + x**2. Is k(j) a composite number?
True
Let w(o) = -9*o**2 - 228*o - 13. Is w(-10) prime?
True
Let j(u) = -2*u**3 + 2*u**2 + 2*u + 7. Suppose 5*a - 21 = -0*g + 4*g, 0 = -g + a - 5. Is j(g) prime?
False
Is (-3)/(-6) + ((-302490)/(-4))/15 a prime number?
False
Let c = 7 + 13. Let g = 20 - c. Suppose l + g*l - 469 = 0. Is l a composite number?
True
Suppose -5*r - r = -42. Suppose r*s - 3044 = -l + 4*s, 2*s - 6092 = -2*l. Is l composite?
True
Let y(f) = 588*f**2 + 79. Is y(6) composite?
False
Let v = -4913 - -7494. Is v composite?
True
Let f(w) = 10*w**2 + 0*w**3 + 4 + w**3 - 24*w**2. Let z be f(14). Is (-1352)/(-2) - (-12)/z composite?
True
Suppose 2*o + 4*l - 1061 - 45 = 0, -2191 = -4*o - l. Let n = 1180 - o. Is n a composite number?
True
Is 33 - 31 - ((-2 - 16499) + 0) a composite number?
True
Let z = 594 - 352. Suppose z = 15*g - 553. Is g a composite number?
False
Let j be -2*(2/7 - (-150)/(-84)). Suppose 0 = 3*r - 6*q + 3*q - 900, 0 = -j*r - q + 904. Is r prime?
False
Let u = -14 - -19. Suppose -u*f + 880 = -1050. Suppose -3*q = 2*j - f, 5*q = -2*j + 161 + 217. Is j a composite number?
False
Let k = 28 - 0. Is 4338/15 - (3 - k/10) a prime number?
False
Is (-4937)/(1/(-5)*5) composite?
False
Let i = 62 + 79. Let q(o) = -58*o + 223. Let r be q(5). Let n = i + r. Is n composite?
True
Suppose 31